ime?
True
Is 557 prime?
True
Is 745 prime?
False
Is 30103 a prime number?
True
Is 328973 composite?
True
Is 2203 prime?
True
Is 3314 composite?
True
Is 691022 a prime number?
False
Is 415267 composite?
True
Is 6211 prime?
True
Is 879 a composite number?
True
Is 335053 a prime number?
False
Is 57991 prime?
True
Is 18899 a composite number?
False
Is 1707 a composite number?
True
Is 57251 a prime number?
True
Is 3089 a composite number?
False
Is 56269 a composite number?
False
Is 1673509 a composite number?
False
Is 173819 a composite number?
False
Is 4885 a prime number?
False
Is 1198205 composite?
True
Is 1151 prime?
True
Is 57089 a composite number?
False
Is 9491 prime?
True
Is 101267 prime?
True
Is 17021 a composite number?
False
Is 7807 a prime number?
False
Is 11993 a composite number?
True
Is 8999 prime?
True
Is 939353 a prime number?
False
Is 499979 a prime number?
True
Is 1087 a composite number?
False
Is 2 a prime number?
True
Is 487573 prime?
False
Is 85474 a composite number?
True
Is 497999 composite?
False
Is 362971 composite?
True
Is 5739 composite?
True
Is 393311 a composite number?
False
Is 398459 prime?
True
Is 15961 a composite number?
True
Is 43597 prime?
True
Is 1135531 a composite number?
False
Is 12133 a composite number?
True
Is 1139 a composite number?
True
Is 7233733 prime?
False
Is 785299 prime?
True
Is 203563 a composite number?
False
Is 7069 composite?
False
Is 177043 prime?
True
Is 557 prime?
True
Is 50207 a prime number?
True
Is 170801 a prime number?
True
Is 98074 prime?
False
Is 21401 a composite number?
False
Is 2563 a prime number?
False
Is 1847 a composite number?
False
Is 852799 prime?
True
Is 66754 prime?
False
Is 44771 composite?
False
Is 223 a composite number?
False
Is 333313 a composite number?
True
Is 2811 composite?
True
Is 24899 prime?
False
Is 435301 a prime number?
False
Is 109279 prime?
True
Is 209213 composite?
False
Is 270281 a composite number?
True
Is 12301 composite?
False
Is 117269 a prime number?
True
Is 43541 prime?
True
Is 145 prime?
False
Is 197947 prime?
True
Is 145091 a composite number?
False
Is 117641 a prime number?
False
Is 8171 prime?
True
Is 14113 prime?
False
Is 77143 a prime number?
False
Is 1622141 a prime number?
True
Is 44839 prime?
True
Is 1424843 prime?
False
Is 49186 a composite number?
True
Is 351643 a prime number?
True
Is 1546 prime?
False
Is 189059 a composite number?
True
Is 20611 a prime number?
True
Is 48071 a composite number?
True
Is 145 prime?
False
Is 6227 composite?
True
Is 731 a composite number?
True
Is 506809 a composite number?
False
Is 221489 a composite number?
False
Is 3407 a composite number?
False
Is 785 prime?
False
Is 59567 prime?
True
Is 29686 a composite number?
True
Is 1309051 composite?
True
Is 94082 composite?
True
Is 8189 a prime number?
False
Is 43157 a prime number?
False
Is 84671 a prime number?
False
Is 78497 a composite number?
False
Is 4009807 a composite number?
True
Is 23417 composite?
False
Is 1401487 a prime number?
True
Is 79271 composite?
True
Is 979 a prime number?
False
Is 5381 composite?
False
Is 1009823 a prime number?
False
Is 7121 a prime number?
True
Is 39079 a composite number?
False
Is 2846 a composite number?
True
Is 30029 a prime number?
True
Is 2772529 a prime number?
True
Is 1829731 a prime number?
False
Is 87959 a prime number?
True
Is 814531 a prime number?
True
Is 574451 a composite number?
True
Is 40643 a prime number?
False
Is 9071 prime?
False
Is 56311 a composite number?
False
Is 21701 prime?
True
Is 268003 a composite number?
False
Is 53221 a prime number?
False
Is 362017 a prime number?
False
Is 234931 a composite number?
False
Is 27631 a prime number?
True
Is 38261 prime?
True
Is 424397 a prime number?
True
Is 7901 prime?
True
Is 39651 a composite number?
True
Is 1411 prime?
False
Is 47867 prime?
False
Is 244291 a prime number?
True
Is 283757 prime?
False
Is 415 a composite number?
True
Is 1087 prime?
True
Is 36037 prime?
True
Is 124427 composite?
False
Is 15529 composite?
True
Is 26339 composite?
False
Is 147997 a prime number?
True
Is 731831 a composite number?
False
Is 18653 a composite number?
True
Is 3079 prime?
True
Is 53 prime?
True
Is 164833 a prime number?
False
Is 374491 prime?
False
Is 248854 a prime number?
False
Is 3491 prime?
True
Is 99547 a prime number?
False
Is 18841 a composite number?
True
Is 36691 prime?
True
Is 355967 composite?
False
Is 62641 prime?
False
Is 3791 a prime number?
False
Is 284633 composite?
False
Is 54193 composite?
False
Is 26801 a prime number?
True
Is 3611 composite?
True
Is 574295 a prime number?
False
Is 7289 prime?
False
Is 72843 prime?
False
Is 166189 composite?
False
Is 16781 composite?
True
Is 1726 a composite number?
True
Is 326537 prime?
True
Is 787 a composite number?
False
Is 3844397 a composite number?
True
Is 24907 a prime number?
True
Is 7237 a prime number?
True
Is 869 a composite number?
True
Is 359101 a composite number?
False
Is 4721 prime?
True
Is 366379 prime?
False
Is 296319 prime?
False
Is 27343 a composite number?
True
Is 7379 composite?
True
Is 5001 composite?
True
Is 54545 composite?
True
Is 33727 a prime number?
False
Is 18591 a composite number?
True
Is 120751 a composite number?
True
Is 14513 a prime number?
False
Is 51719 a composite number?
False
Is 65069 prime?
False
Is 12187 prime?
False
Is 31363 prime?
False
Is 666157 composite?
True
Is 273433 a composite number?
False
Is 214739 a prime number?
False
Is 5251 a composite number?
True
Is 66629 a composite number?
False
Is 268751 a prime number?
False
Is 190357 a prime number?
True
Is 8717 a prime number?
False
Is 148259 a composite number?
True
Is 87755 composite?
True
Is 419 prime?
True
Is 3371 prime?
True
Is 60443 prime?
True
Is 103723 a prime number?
True
Is 34165 a composite number?
True
Is 1699717 composite?
False
Is 1293583 a composite number?
False
Is 15019 composite?
True
Is 3793 composite?
False
Is 8741 prime?
True
Is 1329061 a prime number?
True
Is 27343 prime?
False
Is 41387 composite?
False
Is 139241 prime?
True
Is 211411 a prime number?
False
Is 104903 prime?
False
Is 88069 a composite number?
False
Is 33095 composite?
True
Is 6547 a prime number?
True
Is 85637 prime?
False
Is 365969 a prime number?
True
Is 60019 a composite number?
True
Is 114262 prime?
False
Is 2777 a composite number?
False
Is 5713 composite?
True
Is 1739 composite?
True
Is 1597 a composite number?
False
Is 919 composite?
False
Is 55487 composite?
False
Is 3203 composite?
False
Is 13371 prime?
False
Is 55951 prime?
False
Is 213205 a composite number?
True
Is 22843 a prime number?
False
Is 156121 a prime number?
False
Is 423767 composite?
True
Is 1097267 a composite number?
False
Is 33127 a composite number?
True
Is 158177 a composite number?
True
Is 224921 a composite number?
False
Is 7111 a composite number?
True
Is 13093 prime?
True
Is 654639 a prime number?
False
Is 447401 a prime number?
True
Is 234595 a prime number?
False
Is 1309571 composite?
False
Is 1003807 a prime number?
False
Is 388253 prime?
True
Is 19043 a prime number?
False
Is 22583 prime?
False
Is 293021 composite?
False
Is 3671 a prime number?
True
Is 49127 a prime number?
False
Is 1383127 composite?
True
Is 360391 a composite number?
False
Is 14123 prime?
False
Is 22181 composite?
True
Is 150053 a composite number?
False
Is 326531 composite?
True
Is 5381 a composite number?
False
Is 1777 composite?
False
Is 1942991 a prime number?
False
Is 446497 prime?
False
Is 18329 a prime number?
True
Is 436717 composite?
False
Is 14073 a prime number?
False
Is 42767 a prime number?
True
Is 67565 a prime number?
False
Is 12877 a composite number?
True
Is 7351 a composite number?
False
Is 1475647 prime?
True
Is 68329 a prime number?
True
Is 8717 composite?
True
Is 641921 prime?
False
Is 11015 prime?
False
Is 587 a prime number?
True
Is 10495 a composite number?
True
Is 4399 composite?
True
Is 1055497 prime?
False
Is 75731 a prime number?
True
Is 382513 a composite number?
True
Is 2032301 a prime number?
True
Is 18701 prime?
True
Is 2638 a prime number?
False
Is 8779 a prime number?
True
Is 15427 a prime number?
True
Is 13033 a composite number?
False
Is 5660177 composite?
False
Is 3537811 a prime number?
True
Is 13943 a composite number?
True
Is 6007 